s digit of ((-222)/(-4))/((m - -8)/6)?
1
Suppose -34*l + 5*h + 13679 = -33*l, 5*l - 68422 = -2*h. What is the thousands digit of l?
3
Let f = 15 - 11. Suppose -4*p + 301 = -5*j, f*p - 4*j = 2*p + 158. What is the units digit of p?
9
Let p(s) = 29*s**2 - 39*s + 100. What is the tens digit of p(10)?
1
Let r = 20 + -17. Let b be -1 - -5 - (-26 - -3). Let j = b + r. What is the units digit of j?
0
Let a be (50/(-65))/(-5) - 74/(-26). Suppose -2*u + 4622 = 4*n, a*u = -4 - 5. What is the thousands digit of n?
1
Let u = 4521 - 1794. What is the units digit of u?
7
Let v(i) = 4*i + 2*i + 28 + 9. Let n be (-637)/(-65) - 1/(-1)*12/(-15). What is the units digit of v(n)?
1
Let k(i) = 12*i**2 + 16*i + 15. Let d be k(-1). Suppose d*w - 21384 + 5874 = 0. What is the thousands digit of w?
1
Suppose 4*d + 5*l + 42838 - 165101 = 0, -2*d - l + 61145 = 0. What is the ten thousands digit of d?
3
Suppose 2*v - 2 = 3*v, 12 = d - 5*v. Suppose -u - d = 3, 5*m = 4*u - 50. Let w = 58 - m. What is the tens digit of w?
7
Let b be (-6)/(18/(-21)) + -4. Suppose 5*k - 10 = -3*u, b*u + 2 = -k + 4. Suppose -3*c + 7 + 63 = w, 5*c + 25 = u. What is the tens digit of w?
8
Let s be 5*26/(4/2). Let r = 1457 + -1459. Let j = s + r. What is the tens digit of j?
6
Let i = -224 - -206. Let c(w) = -36*w + 256. What is the tens digit of c(i)?
0
Suppose 0 = -69*m + 67*m - 4884. Let k = 3733 + m. What is the tens digit of k?
9
Suppose -2*g + 77 = -181. Let x = 511 + g. What is the hundreds digit of x?
6
Let r = -3106 + 6909. Suppose -12*b = -r + 59. What is the hundreds digit of b?
3
Let q(c) = c**3 - 9*c**2 + 8*c - 18. Let v be q(12). Suppose 2*y + v = -3174. What is the tens digit of (-6)/(-21) + (-5)/(105/y)?
8
Let h(l) = 186*l**3 - l**2 + 5*l + 7. Let p(s) = -s**2 + s. Let c(q) = -h(q) - p(q). Let u = -6981 - -6980. What is the tens digit of c(u)?
8
Suppose 0*y - y - 3*i = -3106, 6207 = 2*y + 5*i. Let j = -2170 + y. What is the units digit of j?
1
Suppose -13*k = -5*k - 128. Let n = 126 + k. Suppose 5*o = n - 27. What is the units digit of o?
3
Suppose -5*m = -g - 3103, -3*m = 2*g + 296 - 2150. Let k = m - 259. What is the units digit of k?
1
Suppose 6*s - 175 = -19*s. Let b(x) = 176*x - 16. What is the units digit of b(s)?
6
Suppose -339*h = -310*h - 72910 - 561726. What is the units digit of h?
4
Suppose -5*c + 2017 = 3*t, 2*c - 541 = -t + 265. Suppose 5*g - 651 = -2*k, 4*k = 4*g - g - c. What is the units digit of g?
1
Let i = -8 - -13. Suppose 11*m - 5808 = -i*m. What is the tens digit of m?
6
Let i be ((-121)/(-22))/((-1)/40). What is the units digit of i*(-8)/((-64)/(-12))?
0
Let p(b) = -b**3 + 5*b**2 - 7*b + 7. Let t be p(3). Suppose -5*y + 4143 = 3*k - 386, t*y - 3625 = -3*k. Suppose y = 11*h - 3*h. What is the units digit of h?
3
Let m(g) be the second derivative of -2*g**3 + 2*g + 3. What is the hundreds digit of m(-16)?
1
Suppose 0 = -3*a + 15 - 0. Suppose t - 254 = 2*i, a*t + i + 4*i - 1270 = 0. Suppose 2*u - 4*u = -t. What is the hundreds digit of u?
1
Let a = -24171 + 50597. What is the units digit of a?
6
Suppose 0 = -2*l + 5*o + 24421, -3*o = -58*l + 55*l + 36618. What is the units digit of l?
3
Let g = -28 - 20. What is the units digit of (7 + -4)/(-1) - g?
5
Let p be 10/(-8) - 7881/284. Suppose -5*y + 5*h = -578 - 912, 0 = 3*y + 4*h - 908. Let i = y + p. What is the units digit of i?
1
Let t(k) = 2*k**2 + 8*k + 9. Let p be t(-3). What is the tens digit of (-714)/(1/6 + (-5)/p)?
7
Let z(r) = 0 + 2 + 34*r + 54*r + 55*r. Let j be z(2). Suppose -36*x = -33*x - j. What is the units digit of x?
6
Suppose 212*s + 58926 = 226*s. What is the thousands digit of s?
4
Suppose 46*o = 51*o + 40. Let a(g) = 10*g**2 + 20*g + 8. What is the units digit of a(o)?
8
Let w(c) = 7*c**2 + 7*c - 25. Suppose 78 + 383 = 5*s - 3*m, -2*s = 4*m - 200. Let i = s - 90. What is the units digit of w(i)?
5
Let i(f) = f**2 - 7*f - 21. Let g be i(-3). Let j(r) = -7 - 2 + 0*r**2 - 12*r + 2*r**2 + 4. What is the units digit of j(g)?
9
Suppose -5*l = -0*l - 10. Let r(w) = -2*w**2 - 18*w + 46. Let q be r(-11). Suppose 4*c = -q*h + 52, -h + 18 = -l*c - 8. What is the tens digit of h?
2
Let a(y) = 2*y**3 - 24*y**2 + 13*y - 36. What is the hundreds digit of a(17)?
0
Let j = -971 - -1438. Suppose 0 = -4*a + j + 1021. What is the hundreds digit of a?
3
Let i(k) = -91 + 10*k + 117 + 0*k + k**2. Let q be i(-6). Suppose -q*g + 31 + 460 = y, g + 2*y = 247. What is the tens digit of g?
4
Let q = 3266 - 2633. What is the hundreds digit of q?
6
Let d(p) be the first derivative of -1/3*p**3 + 15/2*p**2 + 16 - 8*p. What is the units digit of d(10)?
2
Suppose 5*s - 2*v + 534 = 0, -2*s = -5*s + 2*v - 322. Suppose -3*x + 656 = 5*m, -x - 4*m = -8*m - 213. Let y = s + x. What is the units digit of y?
1
Let z = 529 + -567. Let l(d) = -d**3 - 38*d**2 - 41*d - 77. What is the tens digit of l(z)?
8
Suppose 0 = 5*w + 5*b - 16735, -12588 = -5*w - b + 4131. Let p = -1771 + w. What is the units digit of p?
2
Let i = -1237 - -3325. What is the thousands digit of i?
2
Suppose 810226 = 151*r - 519782. What is the hundreds digit of r?
8
Suppose 40*k - 33203 = 474117. What is the thousands digit of k?
2
Suppose 0 = 2*m + 3*o - 17615, -4*m + 4*o - 4420 = -39640. What is the units digit of m?
6
Let r(n) = 14*n**2 - 7*n - 9. Let y be r(-2). Let d = y + -57. Suppose h = -h + d*o + 198, 0 = 5*h - 2*o - 487. What is the units digit of h?
7
Let o be (-3)/((-6)/(-5))*(0 - -2). Let t be o + 7 + (-2 - -2). What is the tens digit of (-2 - (2 - t))/(2/(-17))?
1
Suppose 19*g - 27*g - 10208 = 0. Let w = -666 - g. What is the tens digit of w?
1
Suppose -6*a - 2*a - 16 = 0. Let g(h) = h**3 + h**2 - h + 4. Let y be g(a). What is the tens digit of 6 + -10 - (-85 - y)?
8
Let a(z) = -69*z + 2. Suppose 0 = -6*w + 2 - 8. Let l be a(w). Let t = -31 + l. What is the units digit of t?
0
Let u be ((-6)/(-3) - -6) + 1571. Let c = 2505 - u. What is the tens digit of c?
2
What is the hundreds digit of (-22)/4*(-420512)/748?
0
Suppose 350*u - 341*u = 36828 + 41796. What is the units digit of u?
6
Let g = -581 - -828. Suppose -i + v + g + 0 = 0, 5*v = 2*i - 485. What is the tens digit of i?
5
Suppose -5*f = 3*k - 120, 2*k = -f - 3*k + 24. Let i(p) = 55*p - 1 - 23*p - f*p. What is the tens digit of i(4)?
3
Let p(j) = 1781*j**2 - 65*j - 376. What is the ten thousands digit of p(-6)?
6
Let s(w) = -1 + 361*w + 91 - 356*w. Let k be s(-17). Let h(b) = b + 4. What is the units digit of h(k)?
9
Suppose 11*z - 3*z - 136 = 0. Suppose z*u = 10*u + 1512. What is the units digit of u?
6
Let h(y) = 9*y + 105. Let x be h(-12). What is the hundreds digit of (856/5)/((36/(-30))/x)?
4
Suppose -8*v = -3*v - 130. Suppose 10 = -v*s + 28*s. Suppose -3*g - s*k = -269, -3*g - 4*k = -0*k - 268. What is the tens digit of g?
8
Suppose 6*r = -2*r + 728. Suppose -r + 75 = -w. What is the units digit of -24*(68/w - 5)?
8
Let j(p) = 6*p + 3*p + 2*p**2 + 8*p**2 + 3 - 7*p. Let c = -6 - -4. What is the tens digit of j(c)?
3
Suppose -12*z + 2096 = -1528. Suppose 0 = -g - g - o + 290, -2*g + 5*o = -z. What is the tens digit of g?
4
Let z(h) = 16*h - 4*h**2 + h**3 + 18 - 6*h**2 - 6*h**2. Let d be z(14). Let w = d + 228. What is the units digit of w?
8
What is the units digit of ((-2)/3)/(21/(1241163/(-18)))?
9
Let b(y) = y**3 - 19*y**2 + 18*y + 12. Let t be b(18). Suppose t*r = 7*r + 650. Let a = 197 - r. What is the tens digit of a?
6
Let a = 5412 - -713. What is the tens digit of a?
2
What is the thousands digit of 1*(-9 + (3 - -24533)) + -3?
4
Suppose 10*w = 43*w - 25608. What is the hundreds digit of w?
7
What is the ten thousands digit of 15/(-75)*59482/2*(5 + -10)?
2
Suppose -86740 = -22*k + 284796. What is the units digit of k?
8
Let p be (-462)/(-33) + -1 + 2*1. Suppose p*i - 14 = 16*i. What is the hundreds digit of (30/(-4))/((i/36)/7)?
1
Suppose 30*o = -344*o + 15618988. What is the ten thousands digit of o?
4
Suppose -3*t + 2845440 = 55*t + 2*t. What is the ten thousands digit of t?
4
What is the units digit of (-23)/(92/12) + 270?
7
What is the thousands digit of (5168/(-6))/(-2*(-11)/(-396))?
5
Suppose c + 2*n + 536 = 0, -30*c + 3*n = -26*c + 2155. Let m = 1507 + c. What is the tens digit of m?
6
Let m(x) = -x**3 + 3*x - 2. Let s be m(-2). What is the units digit of 0 + s + 2 + 565?
7
S